ded by 6.
3
Suppose 0 = -z - 3*z. Suppose 2 = -3*d + 2*d + l, -2*d = -l + 4. Calculate the remainder when (d + 20 - -2) + z is divided by 7.
6
Suppose 3 + 12 = 5*h. Suppose h*p - p = 166. Calculate the remainder when p is divided by 21.
20
Let i(k) = 3*k - 9. Calculate the remainder when 47 is divided by i(7).
11
Let c be (0 - 14)*2/(-1). Let w be 4 + 3/1 + -2. Suppose -c = o - w*o. Calculate the remainder when o is divided by 3.
1
Let l(w) = -6*w - 13. What is the remainder when l(-11) is divided by 11?
9
Let y(l) = -l + 6. Let h = 105 - 73. Calculate the remainder when h is divided by y(-5).
10
Let a(s) = 2*s**2 - 4*s + 9 - 5*s + 3. What is the remainder when 30 is divided by a(4)?
6
Suppose 12*k - 1264 = -4*k. Calculate the remainder when k is divided by 10.
9
Let z = -14 + 20. Let t = 13 - 1. Let b = -1 + t. Calculate the remainder when b is divided by z.
5
Let f(b) = -8*b - 3. What is the remainder when 102 is divided by f(-3)?
18
Let s = -36 + 64. Let r(y) = -2 + 0 + 1 + 11*y**2. What is the remainder when s is divided by r(1)?
8
Let p(v) = -4*v - 1. Suppose -5*x + 2*m = 2 - 4, 5*x - 22 = -3*m. Let k be (-6 + x)*(-1)/(-2). Calculate the remainder when p(k) is divided by 3.
1
Suppose -5*v + 490 = -0*v - 4*z, 0 = 4*z. What is the remainder when v is divided by 34?
30
Suppose -5*g - 2 = 3*s, -s - 2 = 2. Let c be ((-22)/8)/(g/(-8)). Let r = c - 0. Calculate the remainder when 21 is divided by r.
10
Suppose d = g - 154, -2*g + 5*d = -303 + 10. Calculate the remainder when g is divided by 20.
19
Let o(t) = -t**3 + 9*t**2 - 6*t - 14. What is the remainder when 13 is divided by o(8)?
1
Suppose 2*r - 8 = 18. Calculate the remainder when r is divided by 4.
1
Let x = 6 - -4. Suppose 0 = 5*g - g + k, -3*k = 3*g. Suppose g = -5*c + h + 143, 3*c - 85 = 5*h - 4*h. What is the remainder when c is divided by x?
9
Let h be 30/(-9)*1026/(-30). Let w = h - 67. What is the remainder when w is divided by 25?
22
Suppose -z = -5*u + 374, 5*u - 2*u = z + 224. Let v = u + -22. Suppose 5*y = 107 + v. What is the remainder when y is divided by 17?
15
Let u = 17 - 5. Let n(p) = p**2 - 2*p - 1. Let r be n(3). Calculate the remainder when u is divided by ((-2)/2)/(r/(-14)).
5
Suppose 0 = -4*f + 173 + 235. What is the remainder when f is divided by 26?
24
Suppose 0*m + 3*m = 12. Let a(z) = z**2 - 7*z + 3. Calculate the remainder when m is divided by a(7).
1
Suppose -3*l + 0*l - d + 103 = 0, -64 = -2*l - 3*d. Calculate the remainder when l is divided by 12.
11
Let w = -18 + -8. Let h = 53 + w. Calculate the remainder when 79 is divided by h.
25
Let v(k) = k - 2. Let c be v(5). Let h(d) = -5*d**c - d + 21*d**3 + 0*d. Calculate the remainder when 28 is divided by h(1).
13
Suppose -2*j - 4*n + 28 = 0, 13 = -3*j - 2*n + 35. Suppose 12 = -4*z - y + 52, 5*z - 75 = 5*y. What is the remainder when z is divided by j?
3
Suppose 2*s - 12 - 6 = 0. Suppose -k + 11 = -s. Let r = -11 + 18. What is the remainder when k is divided by r?
6
Let g = -78 - -106. What is the remainder when 74 is divided by g?
18
Calculate the remainder when 14 is divided by 3/5 - 42/(-5).
5
Suppose 3*a - 1 - 29 = 0. Let q be 1*(0 - -1)*0. Calculate the remainder when 7/(-4)*(-16 - q) is divided by a.
8
Let v(o) = -o**3 + 4*o**2 - o + 4. Let u be v(4). Suppose u = -n - 4*n - 45. Let h = n - -40. Calculate the remainder when h is divided by 11.
9
Calculate the remainder when (-5)/((-15)/39)*1 is divided by 8.
5
Suppose -3 = -3*q + 33. What is the remainder when 43 is divided by q?
7
Suppose 0*f + 68 = 2*f - 5*b, 0 = 4*b. Calculate the remainder when 65 is divided by f.
31
Let i = 17 - 13. Suppose i*t - t = 183. What is the remainder when t is divided by 16?
13
Let y(q) = 7 + 13 - 6 - q**2 - q. Calculate the remainder when 27 is divided by y(0).
13
Let z = 42 - 20. Suppose -u - 9 = -21. What is the remainder when z is divided by u?
10
Suppose 3*c = -k + 57, 3 = k - 0. Calculate the remainder when 52 is divided by c.
16
Let z = 125 - 51. What is the remainder when z is divided by 13?
9
Let s(w) be the second derivative of -w**4/12 - 35*w**2 + w. Let y be s(0). Calculate the remainder when (-3 - -6)*y/(-6) is divided by 12.
11
Suppose 3*q = -10*q + 130. Calculate the remainder when 199 is divided by q.
9
Let d be ((-2)/(-5))/((-7)/(-105)). Let i = 12 - d. What is the remainder when 17 is divided by i?
5
Let b(o) = o + 38. Let c = 2 - -8. What is the remainder when b(0) is divided by c?
8
Let p = 38 + -24. What is the remainder when 55 is divided by p?
13
Suppose 4*q - 11 = -c - 0*q, c + 5 = 4*q. Suppose -2*i - i + 108 = c*b, 5*b = -i + 52. Calculate the remainder when i is divided by 11.
10
Suppose -4*q = -4*y + 48, -4*y + 4*q - 3*q = -48. Let g = 163 + -233. What is the remainder when g*1/(8/(-4)) is divided by y?
11
Suppose 0 = -5*b + 6 + 9. Suppose -b*d = 2*d - 15. Suppose 47 = d*a - 40. Calculate the remainder when a is divided by 15.
14
Suppose -4*z = 2*m - 32, -61 = -4*m - 3*z - 2*z. What is the remainder when 25 is divided by m?
11
Let b = -7 - -5. Suppose 0 = -2*i + 16 - 2. What is the remainder when -1 - (-20)/(3 + b) is divided by i?
5
Suppose -58 = -3*o + 4*p, 8 = 3*p + 2. What is the remainder when o is divided by 12/(-2 - 21/(-6))?
6
Let g = 9 - 4. Calculate the remainder when 27 is divided by g.
2
Let n(j) = 10 - j**3 - 2*j + 8*j - 7*j. Calculate the remainder when 18 is divided by n(0).
8
Suppose 3*h + d - 16 = 0, -3*d + d = -5*h + 23. Let a(k) = k**3 + 2 - 6*k**2 + 0*k - 6*k + 5. What is the remainder when a(7) is divided by h?
4
Let v be 3 + 0 + (-9)/3. Suppose v*s - 10 = -2*s. What is the remainder when 13 is divided by s?
3
Suppose 3*z + 16 = s, 7*z + 10 = -5*s + 4*z. Let u(b) = 25*b**3 - b**2 + b. Calculate the remainder when 49 is divided by u(s).
24
Suppose 125 = 5*n - 8*g + 11*g, 5*n - 3*g - 95 = 0. What is the remainder when 48 is divided by n?
4
Let f = -56 - -83. Calculate the remainder when 105 is divided by f.
24
Suppose -3*r + 116 = r. Let h(a) = a**2 - 4*a + 3. Calculate the remainder when r is divided by h(6).
14
What is the remainder when 9 is divided by (-1)/1*(-5 + -2)?
2
Suppose 13*x - 10 = 8*x. Suppose -x*o - 93 = -3*u - 2*u, 4 = -o. What is the remainder when 33 is divided by u?
16
Suppose 0 = 29*i - 32*i + 12. What is the remainder when 11 is divided by i?
3
Suppose -3 = -n + 3. Calculate the remainder when 11 is divided by n.
5
Suppose -i - 3*f + 8 = -0*f, -2*f = 5*i - 14. Let h(j) = -5*j - 21. What is the remainder when h(-5) is divided by i?
0
Let b(i) = 3*i**2 - 3*i - 14. What is the remainder when b(6) is divided by 13?
11
Let q(n) = -n + 37. What is the remainder when 134 is divided by q(10)?
26
Suppose -j = -0*j - 29. Let r = j + -24. What is the remainder when 23 is divided by r?
3
What is the remainder when (-556)/(-10) - 6/10 is divided by 8?
7
Calculate the remainder when 20*(3 - 3/(-6)) is divided by 20.
10
Let z = 17 + -11. Calculate the remainder when 356/6 - 2/z is divided by 20.
19
Suppose -4*b = 3 + 9. Let r = 3 - b. Calculate the remainder when 5*2/(-3)*-3 is divided by r.
4
Let j = -6 + 8. Suppose -4*f + 10 + j = 0. Calculate the remainder when f is divided by 1.
0
Let k(z) = -2*z - 4. What is the remainder when k(-6) is divided by 74/14 - (-4)/(-14)?
3
Suppose u + 4*d = 23, 2*u + d = -0*d + 18. What is the remainder when 59 is divided by u?
3
Let z(o) = -52*o - 7. What is the remainder when z(-1) is divided by 18?
9
Suppose 4*n = -4*s + 128, 3*s - 146 = -s + 2*n. Calculate the remainder when 69 is divided by s.
34
Let n(l) = l**3 + 4*l**2 - l + 2. Suppose 0 = z - 0*z - 80. Suppose -z = -f - f. What is the remainder when f is divided by n(-3)?
12
Let v(b) = -4*b**2 + 17*b + 4*b**2 - 6 - b**2 - 2. Let m be v(12). Let y = m - 31. Calculate the remainder when y is divided by 12.
9
Suppose -3*a + 1 = -14. Calculate the remainder when 12 is divided by a.
2
Suppose 0 = 10*a - 14*a + 104. Calculate the remainder when a is divided by 7.
5
Let b(k) = -5*k**2 - 3*k - 4. Let o be b(-5). What is the remainder when 5/10 + o/(-4) is divided by (3 + 1)/(4/10)?
9
Let v = 15 - 6. What is the remainder when (-18)/(-6) + -6 + 1 + 36 is divided by v?
7
Let q be (18/(-30))/(2/(-60)). Let c be (30/(-9))/(2/6). Let m = q + c. Calculate the remainder when 23 is divided by m.
